{"id":190,"date":"2021-11-13T23:18:49","date_gmt":"2021-11-13T22:18:49","guid":{"rendered":"http:\/\/dcg-guesde-montpellier.fr\/?page_id=190"},"modified":"2024-12-10T14:02:47","modified_gmt":"2024-12-10T13:02:47","slug":"lexamen","status":"publish","type":"page","link":"https:\/\/dcg-guesde-montpellier.fr\/?page_id=190","title":{"rendered":"L&rsquo;examen du DCG"},"content":{"rendered":"\n<p class=\"has-small-font-size\">Le dipl\u00f4me du DCG est obtenu \u00e0 l\u2019issue d\u2019un&nbsp;examen national&nbsp;comportant 13 \u00e9preuves r\u00e9parties sur les 3 ann\u00e9es \u00e0 la pr\u00e9pa Jules Guesde. L\u2019une des \u00e9preuves s\u2019appuie sur un stage en milieu professionnel.<\/p>\n\n\n\n<h2 class=\"wp-block-heading has-medium-font-size\">Quelles \u00e9preuves pour obtenir le DCG&nbsp;?<\/h2>\n\n\n\n<p class=\"has-small-font-size\">Le DCG est un&nbsp;<strong><span class=\"has-inline-color has-black-color\">dipl\u00f4me national<\/span><\/strong>&nbsp;qui comprend 13 \u00e9preuves pr\u00e9sent\u00e9es progressivement \u00e0 la fin de chacune des 3 ann\u00e9es de formation&nbsp;:<\/p>\n\n\n\n<ul class=\"wp-block-list\">\n<li>UE1- Fondamentaux du droit (1re ann\u00e9e)<\/li>\n\n\n\n<li>UE2- Droit des soci\u00e9t\u00e9s et des groupements d\u2019affaires (2e ann\u00e9e)<\/li>\n\n\n\n<li>UE3- Droit social (3e ann\u00e9e)<\/li>\n\n\n\n<li>UE4- Droit fiscal (2e ann\u00e9e)<\/li>\n\n\n\n<li>UE5- \u00c9conomie contemporaine (2e ann\u00e9e)<\/li>\n\n\n\n<li>UE6- Finance d\u2019entreprise (2e ann\u00e9e)<\/li>\n\n\n\n<li>UE7- Management (3e ann\u00e9e)<\/li>\n\n\n\n<li>UE8- Syst\u00e8mes d\u2019Information de Gestion (1re ann\u00e9e)<\/li>\n\n\n\n<li>UE9- Comptabilit\u00e9 (1re ann\u00e9e)<\/li>\n\n\n\n<li>UE10- Comptabilit\u00e9 approfondie (2e ann\u00e9e)<\/li>\n\n\n\n<li>UE11- Contr\u00f4le de gestion (3e ann\u00e9e)<\/li>\n\n\n\n<li>UE12- Anglais des affaires (1re ann\u00e9e)<\/li>\n\n\n\n<li>UE13 &#8211; Communication professionnelle (3e ann\u00e9e)<\/li>\n<\/ul>\n\n\n\n<p class=\"has-small-font-size\"><mark style=\"background-color:rgba(0, 0, 0, 0)\" class=\"has-inline-color has-black-color\"><strong>Les notes sont capitalisables<\/strong><\/mark>&nbsp;: <\/p>\n\n\n\n<ul class=\"wp-block-list\">\n<li>chaque note sup\u00e9rieure ou \u00e9gale \u00e0 10 est conserv\u00e9e pour les 8 sessions suivantes&nbsp;; <\/li>\n\n\n\n<li>les notes inf\u00e9rieures \u00e0 6 sont \u00e9liminatoires et emp\u00eachent d\u2019obtenir le DCG&nbsp;; <\/li>\n\n\n\n<li>si la note obtenue est comprise entre 6 et 10, il est possible de la conserver pour les 8 sessions suivantes ou de pr\u00e9senter \u00e0 nouveau l\u2019\u00e9preuve.<\/li>\n<\/ul>\n\n\n\n<p class=\"has-small-font-size\"><strong>Le DCG est obtenu si la moyenne g\u00e9n\u00e9rale sur les 13 \u00e9preuves est au moins \u00e9gale \u00e0 10 sans note inf\u00e9rieure \u00e0 6.<\/strong><\/p>\n\n\n\n<ul class=\"wp-block-list\">\n<li>Les 13 \u00e9preuves ont des coefficients identiques&nbsp;: aucune mati\u00e8re ne peut \u00eatre n\u00e9glig\u00e9e, ce qui garantit des comp\u00e9tences professionnelles dans tous les domaines de la comptabilit\u00e9, de la finance, du droit, du management et en anglais.<\/li>\n\n\n\n<li>12 \u00e9preuves sont \u00e9crites (3 \u00e0 4 heures) et l\u2019\u00e9preuve de \u00ab\u00a0Communication professionnelle\u00a0\u00bb est orale pour soutenir le rapport de stage.<\/li>\n\n\n\n<li>Pour chaque \u00e9preuve valid\u00e9e, des cr\u00e9dits europ\u00e9ens (ECTS) sont accord\u00e9s. Au total le DCG d\u00e9livre 180 ECTS comme toute licence.<\/li>\n\n\n\n<li>Les titulaires de certains dipl\u00f4mes b\u00e9n\u00e9ficient de&nbsp;<a href=\"https:\/\/www.enseignementsup-recherche.gouv.fr\/fr\/bo\/20\/Hebdo24\/ESRS2012706A.htm\" target=\"_blank\" rel=\"noreferrer noopener\">dispenses<\/a>&nbsp;: c\u2019est le cas pour les titulaires du BTS CGO et du BTS CG et pour les titulaires d\u2019un DUT GEA.<br>Ces dispenses permettent de pr\u00e9senter une candidature pour s\u2019inscrire directement en&nbsp;<a data-type=\"URL\" data-id=\"http:\/\/dcg-guesde-montpellier.fr\/?page_id=192\" href=\"http:\/\/dcg-guesde-montpellier.fr\/?page_id=192\">2e ann\u00e9e de DCG<\/a>. Attention, elles ne permettent pas d\u2019\u00eatre dispens\u00e9 des cours correspondants.<\/li>\n<\/ul>\n\n\n\n<p class=\"has-small-font-size\">Les&nbsp;<a href=\"https:\/\/www.enseignementsup-recherche.gouv.fr\/fr\/bo\/19\/Hebdo26\/ESRS1900135A.htm\" target=\"_blank\" rel=\"noreferrer noopener\">dispositions relatives aux \u00e9preuves<\/a>&nbsp;\u00e0 compter de la session 2020 sont parues au BOESR n\u00b026 du 27\/06\/2019.<br>Les programmes et \u00e9preuves sont r\u00e9form\u00e9s depuis la session 2020.<\/p>\n\n\n\n<p class=\"has-small-font-size\"><a href=\"https:\/\/www.crcf-edu.fr\/dcg\/\" target=\"_blank\" rel=\"noreferrer noopener\">Les Annales de 2008 \u00e0 2024<\/a> sont disponibles sur le site du CRCF.<br><\/p>\n\n\n\n<p class=\"has-small-font-size\">Les <mark style=\"background-color:rgba(0, 0, 0, 0)\" class=\"has-inline-color has-black-color\"><strong>dates d\u2019inscription et des \u00e9preuves du DCG <\/strong><\/mark>session 2025 sont parues au<a href=\"https:\/\/www.enseignementsup-recherche.gouv.fr\/fr\/bo\/22\/Hebdo47\/ESRS2233231A.htm\" target=\"_blank\" rel=\"noreferrer noopener\"> Bulletin officiel n\u00b0 43 du 14 novembre 2024<\/a><a data-type=\"URL\" data-id=\"https:\/\/www.enseignementsup-recherche.gouv.fr\/fr\/bo\/21\/Hebdo47\/ESRS2136158A.htm\" href=\"https:\/\/www.enseignementsup-recherche.gouv.fr\/fr\/bo\/21\/Hebdo47\/ESRS2136158A.htm\" target=\"_blank\" rel=\"noreferrer noopener\">.<\/a><\/p>\n\n\n\n<p class=\"has-small-font-size\">Les <mark style=\"background-color:rgba(0, 0, 0, 0)\" class=\"has-inline-color has-black-color\"><strong>rapports du jury national<\/strong><\/mark> peuvent \u00eatre consult\u00e9s\u00a0<a href=\"https:\/\/www.crcf-edu.fr\/category\/ressources\/enseignement-superieur\/dcg-dscg\/dcg\/\" target=\"_blank\" rel=\"noreferrer noopener\">ici<\/a>.<\/p>\n\n\n\n<p><\/p>\n","protected":false},"excerpt":{"rendered":"<p>Le dipl\u00f4me du DCG est obtenu \u00e0 l\u2019issue d\u2019un&nbsp;examen national&nbsp;comportant 13 \u00e9preuves r\u00e9parties sur les 3 ann\u00e9es \u00e0 la pr\u00e9pa Jules Guesde. L\u2019une des \u00e9preuves s\u2019appuie sur un stage en milieu professionnel. Quelles \u00e9preuves pour obtenir le DCG&nbsp;? Le DCG est un&nbsp;dipl\u00f4me national&nbsp;qui comprend 13 \u00e9preuves pr\u00e9sent\u00e9es progressivement \u00e0 la fin de chacune des 3 [&hellip;]<\/p>\n","protected":false},"author":1,"featured_media":0,"parent":0,"menu_order":0,"comment_status":"closed","ping_status":"closed","template":"","meta":{"footnotes":""},"class_list":["post-190","page","type-page","status-publish","hentry"],"yoast_head":"<!-- This site is optimized with the Yoast SEO plugin v26.4 - https:\/\/yoast.com\/wordpress\/plugins\/seo\/ -->\n<title>L&#039;examen du DCG - DCG - Lyc\u00e9e Jules Guesde - Montpellier<\/title>\n<meta name=\"robots\" content=\"index, follow, max-snippet:-1, max-image-preview:large, max-video-preview:-1\" \/>\n<link rel=\"canonical\" href=\"http:\/\/dcg-guesde-montpellier.fr\/?page_id=190\" \/>\n<meta property=\"og:locale\" content=\"fr_FR\" \/>\n<meta property=\"og:type\" content=\"article\" \/>\n<meta property=\"og:title\" content=\"L&#039;examen du DCG - DCG - Lyc\u00e9e Jules Guesde - Montpellier\" \/>\n<meta property=\"og:description\" content=\"Le dipl\u00f4me du DCG est obtenu \u00e0 l\u2019issue d\u2019un&nbsp;examen national&nbsp;comportant 13 \u00e9preuves r\u00e9parties sur les 3 ann\u00e9es \u00e0 la pr\u00e9pa Jules Guesde. L\u2019une des \u00e9preuves s\u2019appuie sur un stage en milieu professionnel. Quelles \u00e9preuves pour obtenir le DCG&nbsp;? Le DCG est un&nbsp;dipl\u00f4me national&nbsp;qui comprend 13 \u00e9preuves pr\u00e9sent\u00e9es progressivement \u00e0 la fin de chacune des 3 [&hellip;]\" \/>\n<meta property=\"og:url\" content=\"http:\/\/dcg-guesde-montpellier.fr\/?page_id=190\" \/>\n<meta property=\"og:site_name\" content=\"DCG - Lyc\u00e9e Jules Guesde - Montpellier\" \/>\n<meta property=\"article:modified_time\" content=\"2024-12-10T13:02:47+00:00\" \/>\n<meta name=\"twitter:card\" content=\"summary_large_image\" \/>\n<meta name=\"twitter:label1\" content=\"Dur\u00e9e de lecture estim\u00e9e\" \/>\n\t<meta name=\"twitter:data1\" content=\"3 minutes\" \/>\n<script type=\"application\/ld+json\" class=\"yoast-schema-graph\">{\"@context\":\"https:\/\/schema.org\",\"@graph\":[{\"@type\":\"WebPage\",\"@id\":\"http:\/\/dcg-guesde-montpellier.fr\/?page_id=190\",\"url\":\"http:\/\/dcg-guesde-montpellier.fr\/?page_id=190\",\"name\":\"L'examen du DCG - DCG - Lyc\u00e9e Jules Guesde - Montpellier\",\"isPartOf\":{\"@id\":\"https:\/\/dcg-guesde-montpellier.fr\/#website\"},\"datePublished\":\"2021-11-13T22:18:49+00:00\",\"dateModified\":\"2024-12-10T13:02:47+00:00\",\"breadcrumb\":{\"@id\":\"http:\/\/dcg-guesde-montpellier.fr\/?page_id=190#breadcrumb\"},\"inLanguage\":\"fr-FR\",\"potentialAction\":[{\"@type\":\"ReadAction\",\"target\":[\"http:\/\/dcg-guesde-montpellier.fr\/?page_id=190\"]}]},{\"@type\":\"BreadcrumbList\",\"@id\":\"http:\/\/dcg-guesde-montpellier.fr\/?page_id=190#breadcrumb\",\"itemListElement\":[{\"@type\":\"ListItem\",\"position\":1,\"name\":\"Accueil\",\"item\":\"https:\/\/dcg-guesde-montpellier.fr\/\"},{\"@type\":\"ListItem\",\"position\":2,\"name\":\"L&rsquo;examen du DCG\"}]},{\"@type\":\"WebSite\",\"@id\":\"https:\/\/dcg-guesde-montpellier.fr\/#website\",\"url\":\"https:\/\/dcg-guesde-montpellier.fr\/\",\"name\":\"DCG - Lyc\u00e9e Jules Guesde - Montpellier\",\"description\":\"Un site utilisant WordPress\",\"publisher\":{\"@id\":\"https:\/\/dcg-guesde-montpellier.fr\/#organization\"},\"potentialAction\":[{\"@type\":\"SearchAction\",\"target\":{\"@type\":\"EntryPoint\",\"urlTemplate\":\"https:\/\/dcg-guesde-montpellier.fr\/?s={search_term_string}\"},\"query-input\":{\"@type\":\"PropertyValueSpecification\",\"valueRequired\":true,\"valueName\":\"search_term_string\"}}],\"inLanguage\":\"fr-FR\"},{\"@type\":\"Organization\",\"@id\":\"https:\/\/dcg-guesde-montpellier.fr\/#organization\",\"name\":\"DCG - Lyc\u00e9e Jules Guesde - Montpellier\",\"url\":\"https:\/\/dcg-guesde-montpellier.fr\/\",\"logo\":{\"@type\":\"ImageObject\",\"inLanguage\":\"fr-FR\",\"@id\":\"https:\/\/dcg-guesde-montpellier.fr\/#\/schema\/logo\/image\/\",\"url\":\"http:\/\/dcg-guesde-montpellier.fr\/wp-content\/uploads\/2021\/11\/logo_guesde-2.jpg\",\"contentUrl\":\"http:\/\/dcg-guesde-montpellier.fr\/wp-content\/uploads\/2021\/11\/logo_guesde-2.jpg\",\"width\":300,\"height\":267,\"caption\":\"DCG - Lyc\u00e9e Jules Guesde - Montpellier\"},\"image\":{\"@id\":\"https:\/\/dcg-guesde-montpellier.fr\/#\/schema\/logo\/image\/\"}}]}<\/script>\n<!-- \/ Yoast SEO plugin. -->","yoast_head_json":{"title":"L'examen du DCG - DCG - Lyc\u00e9e Jules Guesde - Montpellier","robots":{"index":"index","follow":"follow","max-snippet":"max-snippet:-1","max-image-preview":"max-image-preview:large","max-video-preview":"max-video-preview:-1"},"canonical":"http:\/\/dcg-guesde-montpellier.fr\/?page_id=190","og_locale":"fr_FR","og_type":"article","og_title":"L'examen du DCG - DCG - Lyc\u00e9e Jules Guesde - Montpellier","og_description":"Le dipl\u00f4me du DCG est obtenu \u00e0 l\u2019issue d\u2019un&nbsp;examen national&nbsp;comportant 13 \u00e9preuves r\u00e9parties sur les 3 ann\u00e9es \u00e0 la pr\u00e9pa Jules Guesde. L\u2019une des \u00e9preuves s\u2019appuie sur un stage en milieu professionnel. Quelles \u00e9preuves pour obtenir le DCG&nbsp;? Le DCG est un&nbsp;dipl\u00f4me national&nbsp;qui comprend 13 \u00e9preuves pr\u00e9sent\u00e9es progressivement \u00e0 la fin de chacune des 3 [&hellip;]","og_url":"http:\/\/dcg-guesde-montpellier.fr\/?page_id=190","og_site_name":"DCG - Lyc\u00e9e Jules Guesde - Montpellier","article_modified_time":"2024-12-10T13:02:47+00:00","twitter_card":"summary_large_image","twitter_misc":{"Dur\u00e9e de lecture estim\u00e9e":"3 minutes"},"schema":{"@context":"https:\/\/schema.org","@graph":[{"@type":"WebPage","@id":"http:\/\/dcg-guesde-montpellier.fr\/?page_id=190","url":"http:\/\/dcg-guesde-montpellier.fr\/?page_id=190","name":"L'examen du DCG - DCG - Lyc\u00e9e Jules Guesde - Montpellier","isPartOf":{"@id":"https:\/\/dcg-guesde-montpellier.fr\/#website"},"datePublished":"2021-11-13T22:18:49+00:00","dateModified":"2024-12-10T13:02:47+00:00","breadcrumb":{"@id":"http:\/\/dcg-guesde-montpellier.fr\/?page_id=190#breadcrumb"},"inLanguage":"fr-FR","potentialAction":[{"@type":"ReadAction","target":["http:\/\/dcg-guesde-montpellier.fr\/?page_id=190"]}]},{"@type":"BreadcrumbList","@id":"http:\/\/dcg-guesde-montpellier.fr\/?page_id=190#breadcrumb","itemListElement":[{"@type":"ListItem","position":1,"name":"Accueil","item":"https:\/\/dcg-guesde-montpellier.fr\/"},{"@type":"ListItem","position":2,"name":"L&rsquo;examen du DCG"}]},{"@type":"WebSite","@id":"https:\/\/dcg-guesde-montpellier.fr\/#website","url":"https:\/\/dcg-guesde-montpellier.fr\/","name":"DCG - Lyc\u00e9e Jules Guesde - Montpellier","description":"Un site utilisant WordPress","publisher":{"@id":"https:\/\/dcg-guesde-montpellier.fr\/#organization"},"potentialAction":[{"@type":"SearchAction","target":{"@type":"EntryPoint","urlTemplate":"https:\/\/dcg-guesde-montpellier.fr\/?s={search_term_string}"},"query-input":{"@type":"PropertyValueSpecification","valueRequired":true,"valueName":"search_term_string"}}],"inLanguage":"fr-FR"},{"@type":"Organization","@id":"https:\/\/dcg-guesde-montpellier.fr\/#organization","name":"DCG - Lyc\u00e9e Jules Guesde - Montpellier","url":"https:\/\/dcg-guesde-montpellier.fr\/","logo":{"@type":"ImageObject","inLanguage":"fr-FR","@id":"https:\/\/dcg-guesde-montpellier.fr\/#\/schema\/logo\/image\/","url":"http:\/\/dcg-guesde-montpellier.fr\/wp-content\/uploads\/2021\/11\/logo_guesde-2.jpg","contentUrl":"http:\/\/dcg-guesde-montpellier.fr\/wp-content\/uploads\/2021\/11\/logo_guesde-2.jpg","width":300,"height":267,"caption":"DCG - Lyc\u00e9e Jules Guesde - Montpellier"},"image":{"@id":"https:\/\/dcg-guesde-montpellier.fr\/#\/schema\/logo\/image\/"}}]}},"_links":{"self":[{"href":"https:\/\/dcg-guesde-montpellier.fr\/index.php?rest_route=\/wp\/v2\/pages\/190","targetHints":{"allow":["GET"]}}],"collection":[{"href":"https:\/\/dcg-guesde-montpellier.fr\/index.php?rest_route=\/wp\/v2\/pages"}],"about":[{"href":"https:\/\/dcg-guesde-montpellier.fr\/index.php?rest_route=\/wp\/v2\/types\/page"}],"author":[{"embeddable":true,"href":"https:\/\/dcg-guesde-montpellier.fr\/index.php?rest_route=\/wp\/v2\/users\/1"}],"replies":[{"embeddable":true,"href":"https:\/\/dcg-guesde-montpellier.fr\/index.php?rest_route=%2Fwp%2Fv2%2Fcomments&post=190"}],"version-history":[{"count":30,"href":"https:\/\/dcg-guesde-montpellier.fr\/index.php?rest_route=\/wp\/v2\/pages\/190\/revisions"}],"predecessor-version":[{"id":1563,"href":"https:\/\/dcg-guesde-montpellier.fr\/index.php?rest_route=\/wp\/v2\/pages\/190\/revisions\/1563"}],"wp:attachment":[{"href":"https:\/\/dcg-guesde-montpellier.fr\/index.php?rest_route=%2Fwp%2Fv2%2Fmedia&parent=190"}],"curies":[{"name":"wp","href":"https:\/\/api.w.org\/{rel}","templated":true}]}}